{"id":965,"date":"2011-01-25T22:58:05","date_gmt":"2011-01-25T22:58:05","guid":{"rendered":"http:\/\/www.paris-louxor.fr\/?page_id=965"},"modified":"2011-01-25T22:58:05","modified_gmt":"2011-01-25T22:58:05","slug":"contact","status":"publish","type":"page","link":"https:\/\/paris-louxor.fr\/index.php\/contact\/","title":{"rendered":"CONTACT\/INFO"},"content":{"rendered":"<p>N&rsquo;h\u00e9sitez pas \u00e0 consulter le<a href=\"https:\/\/paris-louxor.fr\/paris-louxor\/calendrier-du-louxor\/\"> <strong>calendrier du Louxor<\/strong><\/a>, vous y trouverez quelques informations utiles \u00e0 connaitre.<\/p>\n<p><iframe loading=\"lazy\" src=\"https:\/\/docs.google.com\/forms\/d\/e\/1FAIpQLSfI3MTJaBBuei0bFTeu1ploz-N5YR5tcQwotcSBMAb26AsclQ\/viewform?embedded=true\" width=\"640\" height=\"1634\" frameborder=\"0\" marginheight=\"0\" marginwidth=\"0\">Chargement\u2026<\/iframe><\/p>\n<p>Pour participer aux projets \u00e9ditoriaux, t\u00e9moigner, communiquer des documents (<a href=\"https:\/\/paris-louxor.fr\/participer\/\"><strong>ici<\/strong><\/a>)<\/p>\n","protected":false},"excerpt":{"rendered":"<p>N&rsquo;h\u00e9sitez pas \u00e0 consulter le calendrier du Louxor, vous y trouverez quelques informations utiles \u00e0 connaitre. Chargement\u2026 Pour participer aux projets \u00e9ditoriaux, t\u00e9moigner, communiquer des documents (ici)<\/p>\n","protected":false},"author":5,"featured_media":0,"parent":0,"menu_order":0,"comment_status":"closed","ping_status":"open","template":"","meta":{"footnotes":""},"class_list":["post-965","page","type-page","status-publish","hentry"],"yoast_head":"<!-- This site is optimized with the Yoast SEO plugin v26.8 - https:\/\/yoast.com\/product\/yoast-seo-wordpress\/ -->\n<title>CONTACT\/INFO - Paris-Louxor.fr<\/title>\n<meta name=\"robots\" content=\"noindex, follow, max-snippet:-1, max-image-preview:large, max-video-preview:-1\" \/>\n<meta property=\"og:locale\" content=\"fr_FR\" \/>\n<meta property=\"og:type\" content=\"article\" \/>\n<meta property=\"og:title\" content=\"CONTACT\/INFO - Paris-Louxor.fr\" \/>\n<meta property=\"og:description\" content=\"N&rsquo;h\u00e9sitez pas \u00e0 consulter le calendrier du Louxor, vous y trouverez quelques informations utiles \u00e0 connaitre. Chargement\u2026 Pour participer aux projets \u00e9ditoriaux, t\u00e9moigner, communiquer des documents (ici)\" \/>\n<meta property=\"og:url\" content=\"https:\/\/paris-louxor.fr\/index.php\/contact\/\" \/>\n<meta property=\"og:site_name\" content=\"Paris-Louxor.fr\" \/>\n<meta property=\"article:publisher\" content=\"https:\/\/www.facebook.com\/paris.louxor\" \/>\n<meta name=\"twitter:card\" content=\"summary_large_image\" \/>\n<meta name=\"twitter:site\" content=\"@parislouxor\" \/>\n<script type=\"application\/ld+json\" class=\"yoast-schema-graph\">{\"@context\":\"https:\/\/schema.org\",\"@graph\":[{\"@type\":\"WebPage\",\"@id\":\"https:\/\/paris-louxor.fr\/index.php\/contact\/\",\"url\":\"https:\/\/paris-louxor.fr\/index.php\/contact\/\",\"name\":\"CONTACT\/INFO - Paris-Louxor.fr\",\"isPartOf\":{\"@id\":\"https:\/\/paris-louxor.fr\/#website\"},\"datePublished\":\"2011-01-25T22:58:05+00:00\",\"breadcrumb\":{\"@id\":\"https:\/\/paris-louxor.fr\/index.php\/contact\/#breadcrumb\"},\"inLanguage\":\"fr-FR\",\"potentialAction\":[{\"@type\":\"ReadAction\",\"target\":[\"https:\/\/paris-louxor.fr\/index.php\/contact\/\"]}]},{\"@type\":\"BreadcrumbList\",\"@id\":\"https:\/\/paris-louxor.fr\/index.php\/contact\/#breadcrumb\",\"itemListElement\":[{\"@type\":\"ListItem\",\"position\":1,\"name\":\"Home\",\"item\":\"https:\/\/paris-louxor.fr\/\"},{\"@type\":\"ListItem\",\"position\":2,\"name\":\"CONTACT\/INFO\"}]},{\"@type\":\"WebSite\",\"@id\":\"https:\/\/paris-louxor.fr\/#website\",\"url\":\"https:\/\/paris-louxor.fr\/\",\"name\":\"paris-louxor\",\"description\":\"Vivre ensemble le cin\u00e9ma\",\"publisher\":{\"@id\":\"https:\/\/paris-louxor.fr\/#organization\"},\"potentialAction\":[{\"@type\":\"SearchAction\",\"target\":{\"@type\":\"EntryPoint\",\"urlTemplate\":\"https:\/\/paris-louxor.fr\/?s={search_term_string}\"},\"query-input\":{\"@type\":\"PropertyValueSpecification\",\"valueRequired\":true,\"valueName\":\"search_term_string\"}}],\"inLanguage\":\"fr-FR\"},{\"@type\":\"Organization\",\"@id\":\"https:\/\/paris-louxor.fr\/#organization\",\"name\":\"paris-louxor\",\"url\":\"https:\/\/paris-louxor.fr\/\",\"logo\":{\"@type\":\"ImageObject\",\"inLanguage\":\"fr-FR\",\"@id\":\"https:\/\/paris-louxor.fr\/#\/schema\/logo\/image\/\",\"url\":\"https:\/\/paris-louxor.fr\/wp-content\/uploads\/2010\/11\/soutien.gif\",\"contentUrl\":\"https:\/\/paris-louxor.fr\/wp-content\/uploads\/2010\/11\/soutien.gif\",\"width\":640,\"height\":250,\"caption\":\"paris-louxor\"},\"image\":{\"@id\":\"https:\/\/paris-louxor.fr\/#\/schema\/logo\/image\/\"},\"sameAs\":[\"https:\/\/www.facebook.com\/paris.louxor\",\"https:\/\/x.com\/parislouxor\"]}]}<\/script>\n<!-- \/ Yoast SEO plugin. -->","yoast_head_json":{"title":"CONTACT\/INFO - Paris-Louxor.fr","robots":{"index":"noindex","follow":"follow","max-snippet":"max-snippet:-1","max-image-preview":"max-image-preview:large","max-video-preview":"max-video-preview:-1"},"og_locale":"fr_FR","og_type":"article","og_title":"CONTACT\/INFO - Paris-Louxor.fr","og_description":"N&rsquo;h\u00e9sitez pas \u00e0 consulter le calendrier du Louxor, vous y trouverez quelques informations utiles \u00e0 connaitre. Chargement\u2026 Pour participer aux projets \u00e9ditoriaux, t\u00e9moigner, communiquer des documents (ici)","og_url":"https:\/\/paris-louxor.fr\/index.php\/contact\/","og_site_name":"Paris-Louxor.fr","article_publisher":"https:\/\/www.facebook.com\/paris.louxor","twitter_card":"summary_large_image","twitter_site":"@parislouxor","schema":{"@context":"https:\/\/schema.org","@graph":[{"@type":"WebPage","@id":"https:\/\/paris-louxor.fr\/index.php\/contact\/","url":"https:\/\/paris-louxor.fr\/index.php\/contact\/","name":"CONTACT\/INFO - Paris-Louxor.fr","isPartOf":{"@id":"https:\/\/paris-louxor.fr\/#website"},"datePublished":"2011-01-25T22:58:05+00:00","breadcrumb":{"@id":"https:\/\/paris-louxor.fr\/index.php\/contact\/#breadcrumb"},"inLanguage":"fr-FR","potentialAction":[{"@type":"ReadAction","target":["https:\/\/paris-louxor.fr\/index.php\/contact\/"]}]},{"@type":"BreadcrumbList","@id":"https:\/\/paris-louxor.fr\/index.php\/contact\/#breadcrumb","itemListElement":[{"@type":"ListItem","position":1,"name":"Home","item":"https:\/\/paris-louxor.fr\/"},{"@type":"ListItem","position":2,"name":"CONTACT\/INFO"}]},{"@type":"WebSite","@id":"https:\/\/paris-louxor.fr\/#website","url":"https:\/\/paris-louxor.fr\/","name":"paris-louxor","description":"Vivre ensemble le cin\u00e9ma","publisher":{"@id":"https:\/\/paris-louxor.fr\/#organization"},"potentialAction":[{"@type":"SearchAction","target":{"@type":"EntryPoint","urlTemplate":"https:\/\/paris-louxor.fr\/?s={search_term_string}"},"query-input":{"@type":"PropertyValueSpecification","valueRequired":true,"valueName":"search_term_string"}}],"inLanguage":"fr-FR"},{"@type":"Organization","@id":"https:\/\/paris-louxor.fr\/#organization","name":"paris-louxor","url":"https:\/\/paris-louxor.fr\/","logo":{"@type":"ImageObject","inLanguage":"fr-FR","@id":"https:\/\/paris-louxor.fr\/#\/schema\/logo\/image\/","url":"https:\/\/paris-louxor.fr\/wp-content\/uploads\/2010\/11\/soutien.gif","contentUrl":"https:\/\/paris-louxor.fr\/wp-content\/uploads\/2010\/11\/soutien.gif","width":640,"height":250,"caption":"paris-louxor"},"image":{"@id":"https:\/\/paris-louxor.fr\/#\/schema\/logo\/image\/"},"sameAs":["https:\/\/www.facebook.com\/paris.louxor","https:\/\/x.com\/parislouxor"]}]}},"_links":{"self":[{"href":"https:\/\/paris-louxor.fr\/index.php\/wp-json\/wp\/v2\/pages\/965","targetHints":{"allow":["GET"]}}],"collection":[{"href":"https:\/\/paris-louxor.fr\/index.php\/wp-json\/wp\/v2\/pages"}],"about":[{"href":"https:\/\/paris-louxor.fr\/index.php\/wp-json\/wp\/v2\/types\/page"}],"author":[{"embeddable":true,"href":"https:\/\/paris-louxor.fr\/index.php\/wp-json\/wp\/v2\/users\/5"}],"replies":[{"embeddable":true,"href":"https:\/\/paris-louxor.fr\/index.php\/wp-json\/wp\/v2\/comments?post=965"}],"version-history":[{"count":0,"href":"https:\/\/paris-louxor.fr\/index.php\/wp-json\/wp\/v2\/pages\/965\/revisions"}],"wp:attachment":[{"href":"https:\/\/paris-louxor.fr\/index.php\/wp-json\/wp\/v2\/media?parent=965"}],"curies":[{"name":"wp","href":"https:\/\/api.w.org\/{rel}","templated":true}]}}